factor of 864 and 7992?
216
What is the greatest common factor of 90 and 36?
18
What is the highest common divisor of 1419 and 363?
33
What is the greatest common factor of 44 and 374?
22
What is the highest common factor of 18 and 6?
6
What is the greatest common divisor of 1496 and 176?
88
Calculate the greatest common divisor of 276 and 372.
12
Calculate the highest common divisor of 230 and 4715.
115
What is the highest common divisor of 96 and 72?
24
Calculate the highest common factor of 1290 and 86.
86
Calculate the highest common divisor of 94 and 1504.
94
Calculate the highest common factor of 309 and 103.
103
Calculate the highest common factor of 2400 and 12.
12
What is the greatest common divisor of 48 and 64?
16
What is the highest common divisor of 2 and 51?
1
Calculate the greatest common divisor of 720 and 8730.
90
What is the highest common divisor of 208 and 17576?
104
Calculate the greatest common divisor of 35 and 13.
1
What is the highest common divisor of 8040 and 8?
8
What is the highest common divisor of 4 and 52?
4
Calculate the highest common divisor of 1104 and 1968.
48
What is the greatest common divisor of 234 and 24?
6
What is the highest common divisor of 2124 and 1239?
177
What is the greatest common divisor of 1620 and 60?
60
What is the highest common factor of 88 and 253?
11
What is the greatest common factor of 343 and 392?
49
Calculate the highest common factor of 150 and 8025.
75
What is the highest common divisor of 520 and 65?
65
Calculate the greatest common factor of 138 and 18.
6
Calculate the greatest common factor of 351 and 81.
27
Calculate the greatest common divisor of 5 and 215.
5
What is the greatest common divisor of 221 and 65?
13
Calculate the highest common divisor of 115 and 437.
23
What is the highest common factor of 945 and 3?
3
Calculate the highest common factor of 4 and 9.
1
What is the highest common divisor of 400 and 16?
16
What is the greatest common factor of 46 and 14?
2
Calculate the greatest common divisor of 494 and 1144.
26
What is the greatest common divisor of 329 and 235?
47
What is the greatest common factor of 199 and 1393?
199
Calculate the highest common divisor of 15 and 5415.
15
Calculate the greatest common factor of 693 and 77.
77
Calculate the greatest common divisor of 163 and 2.
1
What is the greatest common divisor of 32 and 39328?
32
What is the greatest common factor of 172 and 17802?
86
What is the greatest common divisor of 2650 and 100?
50
Calculate the highest common divisor of 18 and 1926.
18
What is the highest common divisor of 16 and 784?
16
Calculate the highest common divisor of 1392 and 48.
48
Calculate the highest common divisor of 56 and 812.
28
Calculate the greatest common divisor of 580 and 40.
20
Calculate the highest common divisor of 10900 and 100.
100
What is the greatest common divisor of 250 and 80?
10
What is the greatest common factor of 40 and 360?
40
What is the highest common factor of 954 and 30?
6
What is the highest common divisor of 7 and 133?
7
What is the highest common divisor of 68 and 833?
17
What is the highest common divisor of 13536 and 12?
12
Calculate the highest common factor of 609 and 87.
87
Calculate the highest common factor of 65080 and 40.
40
Calculate the highest common divisor of 60 and 195.
15
What is the greatest common factor of 102 and 68?
34
Calculate the greatest common divisor of 3113 and 11.
11
What is the highest common divisor of 28 and 6230?
14
Calculate the highest common divisor of 46 and 3312.
46
Calculate the greatest common divisor of 146 and 8395.
73
What is the highest common divisor of 175 and 105?
35
What is the greatest common factor of 6402 and 66?
66
What is the greatest common divisor of 714 and 756?
42
What is the highest common divisor of 18 and 3546?
18
What is the highest common divisor of 131 and 26069?
131
Calculate the highest common divisor of 470 and 10.
10
Calculate the greatest common divisor of 81 and 10071.
27
Calculate the highest common factor of 546 and 231.
21
Calculate the highest common factor of 476 and 2176.
68
What is the greatest common divisor of 6290 and 136?
34
What is the highest common factor of 1437 and 48?
3
Calculate the highest common factor of 182 and 28.
14
Calculate the greatest common factor of 620 and 20.
20
What is the greatest common divisor of 20022 and 142?
142
What is the highest common factor of 40 and 384?
8
Calculate the greatest common divisor of 2187 and 54.
27
Calculate the greatest common divisor of 198 and 154.
22
Calculate the highest common divisor of 14 and 32914.
14
Calculate the greatest common factor of 63 and 182.
7
Calculate the highest common divisor of 670 and 50.
10
Calculate the greatest common factor of 198 and 2904.
66
Calculate the highest common factor of 150 and 50.
50
Calculate the highest common factor of 2936 and 16.
8
Calculate the greatest common factor of 24 and 4860.
12
Calculate the greatest common divisor of 932 and 4.
4
What is the highest common factor of 27 and 261?
9
Calculate the greatest common divisor of 19408 and 40.
8
Calculate the highest common divisor of 60 and 60.
60
Calculate the highest common factor of 13427 and 116.
29
What is the highest common divisor of 108 and 3618?
54
What is the greatest common divisor of 459 and 17?
17
Calculate the highest common factor of 122 and 305.
61
Calculate the greatest common factor of 128 and 24.
8
Calculate the greatest common factor of 770 and 70.
70
Calculate the greatest common divisor of 15 and 8190.
15
What is the greatest common divisor of 13623 and 76?
19
What is the highest common factor of 141 and 3?
3
What is the highest common factor of 3303 and 216?
9
What is the greatest common factor of 216 and 56?
8
What is the greatest common factor of 340 and 20?
20
What is the greatest common factor of 7 and 91?
7
What is the highest common divisor of 420 and 1344?
84
What is the greatest common factor of 1 and 591?
1
What is the highest common divisor of 18 and 72?
18
What is the greatest common factor of 10626 and 2772?
462
What is the highest common factor of 551 and 7018?
29
What is the highest common factor of 4732 and 140?
28
What is the greatest common factor of 52 and 4?
4
What is the highest common factor of 1595 and 44?
11
Calculate the greatest common divisor of 1643 and 53.
53
Calculate the highest common factor of 2134 and 1164.
194
What is the greatest common factor of 24523 and 548?
137
What is the highest common divisor of 7 and 77?
7
Calculate the highest common factor of 52 and 1170.
26
Calculate the highest common factor of 1677 and 156.
39
Calculate the greatest common divisor of 900 and 2412.
36
Calculate the highest common factor of 13 and 1573.
13
What is the greatest common divisor of 208 and 65?
13
What is the highest common factor of 24 and 60?
12
What is the highest common divisor of 205 and 20705?
205
Calculate the greatest common factor of 441 and 14847.
147
What is the highest common factor of 40 and 90?
10
Calculate the greatest common divisor of 9 and 459.
9
What is the highest common divisor of 759 and 69?
69
What is the greatest common factor of 44 and 10076?
44
Calculate the highest common factor of 26 and 4.
2
What is the highest common divisor of 68 and 2924?
68
What is the highest common divisor of 90 and 150?
30
Calculate the highest common factor of 16 and 22752.
16
What is the highest common divisor of 897 and 468?
39
What is the highest common factor of 285 and 3040?
95
Calculate the highest common factor of 440 and 2410.
10
Calculate the highest common factor of 57 and 9.
3
Calculate the highest common divisor of 11 and 2321.
11
Calculate the greatest common factor of 24 and 156.
12
What is the greatest common divisor of 39 and 3237?
39
What is the greatest common divisor of 98 and 147?
49
What is the highest common factor of 32 and 2608?
16
Calculate the highest common divisor of 147 and 42.
21
Calculate the highest common factor of 66 and 1221.
33
What is the greatest common factor of 48 and 336?
48
What is the greatest common divisor of 144 and 228?
12
Calculate the greatest common divisor of 144 and 36.
36
What is the greatest common factor of 660 and 396?
132
What is the greatest common factor of 350 and 